e the remainder when 41 is divided by 23.
18
Calculate the remainder when 328 is divided by 47.
46
Calculate the remainder when 636 is divided by 19.
9
Calculate the remainder when 274 is divided by 192.
82
Calculate the remainder when 309 is divided by 104.
101
What is the remainder when 25 is divided by 21?
4
Calculate the remainder when 75 is divided by 65.
10
Calculate the remainder when 385 is divided by 98.
91
Calculate the remainder when 17249 is divided by 138.
137
Calculate the remainder when 835 is divided by 9.
7
What is the remainder when 158 is divided by 16?
14
Calculate the remainder when 2526 is divided by 838.
12
What is the remainder when 103 is divided by 33?
4
Calculate the remainder when 4786 is divided by 114.
112
What is the remainder when 59 is divided by 14?
3
Calculate the remainder when 1626 is divided by 38.
30
Calculate the remainder when 29 is divided by 29.
0
What is the remainder when 585 is divided by 66?
57
Calculate the remainder when 2885 is divided by 111.
110
Calculate the remainder when 425 is divided by 136.
17
What is the remainder when 82 is divided by 13?
4
Calculate the remainder when 273 is divided by 93.
87
What is the remainder when 446 is divided by 157?
132
Calculate the remainder when 10924 is divided by 35.
4
What is the remainder when 28953 is divided by 127?
124
Calculate the remainder when 49 is divided by 15.
4
Calculate the remainder when 179 is divided by 12.
11
Calculate the remainder when 5408 is divided by 146.
6
What is the remainder when 151 is divided by 40?
31
What is the remainder when 1055 is divided by 273?
236
Calculate the remainder when 134 is divided by 54.
26
Calculate the remainder when 118 is divided by 43.
32
What is the remainder when 26124 is divided by 95?
94
What is the remainder when 335 is divided by 328?
7
What is the remainder when 6879 is divided by 40?
39
Calculate the remainder when 823 is divided by 12.
7
What is the remainder when 976 is divided by 81?
4
What is the remainder when 403 is divided by 63?
25
What is the remainder when 248 is divided by 116?
16
Calculate the remainder when 344 is divided by 27.
20
What is the remainder when 2140 is divided by 9?
7
What is the remainder when 1057 is divided by 508?
41
What is the remainder when 688 is divided by 13?
12
What is the remainder when 48 is divided by 2?
0
Calculate the remainder when 11436 is divided by 9.
6
What is the remainder when 1375 is divided by 406?
157
Calculate the remainder when 97 is divided by 58.
39
What is the remainder when 2527 is divided by 415?
37
What is the remainder when 3981 is divided by 19?
10
What is the remainder when 3652 is divided by 42?
40
What is the remainder when 167 is divided by 6?
5
Calculate the remainder when 9197 is divided by 3065.
2
What is the remainder when 99 is divided by 20?
19
Calculate the remainder when 299 is divided by 98.
5
Calculate the remainder when 1996 is divided by 87.
82
What is the remainder when 9008 is divided by 106?
104
Calculate the remainder when 127 is divided by 67.
60
What is the remainder when 195 is divided by 35?
20
Calculate the remainder when 191 is divided by 24.
23
Calculate the remainder when 1217 is divided by 37.
33
What is the remainder when 1101 is divided by 19?
18
What is the remainder when 1693 is divided by 7?
6
Calculate the remainder when 1551 is divided by 75.
51
What is the remainder when 66 is divided by 55?
11
Calculate the remainder when 2157 is divided by 83.
82
Calculate the remainder when 2263 is divided by 22.
19
What is the remainder when 566 is divided by 58?
44
What is the remainder when 475 is divided by 92?
15
What is the remainder when 168 is divided by 40?
8
What is the remainder when 343 is divided by 68?
3
What is the remainder when 54 is divided by 12?
6
What is the remainder when 649 is divided by 109?
104
Calculate the remainder when 158 is divided by 43.
29
What is the remainder when 259 is divided by 30?
19
Calculate the remainder when 377 is divided by 178.
21
What is the remainder when 31257 is divided by 12?
9
Calculate the remainder when 45 is divided by 4.
1
What is the remainder when 732 is divided by 106?
96
What is the remainder when 486 is divided by 57?
30
Calculate the remainder when 1381 is divided by 101.
68
Calculate the remainder when 81406 is divided by 424.
422
What is the remainder when 12 is divided by 8?
4
What is the remainder when 64 is divided by 36?
28
Calculate the remainder when 2255 is divided by 119.
113
Calculate the remainder when 497 is divided by 129.
110
What is the remainder when 3056 is divided by 161?
158
Calculate the remainder when 131 is divided by 7.
5
What is the remainder when 39 is divided by 4?
3
Calculate the remainder when 11 is divided by 9.
2
Calculate the remainder when 73 is divided by 16.
9
Calculate the remainder when 242 is divided by 12.
2
Calculate the remainder when 31 is divided by 11.
9
What is the remainder when 649 is divided by 93?
91
What is the remainder when 289 is divided by 19?
4
What is the remainder when 560 is divided by 17?
16
Calculate the remainder when 274 is divided by 69.
67
What is the remainder when 1481 is divided by 16?
9
What is the remainder when 811 is divided by 22?
19
What is the remainder when 949 is divided by 28?
25
What is the remainder when 18845 is divided by 183?
179
What is the remainder when 27 is divided by 5?
2
What is the remainder when 119 is divided by 9?
2
What is the remainder when 567 is divided by 145?
132
Calculate the remainder when 271 is divided by 18.
1
What is the remainder when 5847 is divided by 117?
114
Calculate the remainder when 2569 is divided by 850.
19
Calculate the remainder when 2783 is divided by 30.
23
Calculate the remainder when 1735 is divided by 3.
1
What is the remainder when 530 is divided by 19?
17
Calculate the remainder when 357 is divided by 69.
12
Calculate the remainder when 71 is divided by 4.
3
What is the remainder when 306 is divided by 54?
36
Calculate the remainder when 155 is divided by 8.
3
Calculate the remainder when 42137 is divided by 196.
193
Calculate the remainder when 370 is divided by 165.
40
What is the remainder when 853 is divided by 45?
43
What is the remainder when 610 is divided by 23?
12
What is the remainder when 6579 is divided by 2192?
3
Calculate the remainder when 77 is divided by 38.
1
Calculate the remainder when 2215 is divided by 8.
7
Calculate the remainder when 1568 is divided by 298.
78
What is the remainder when 5770 is divided by 156?
154
What is the remainder when 1051 is divided by 62?
59
Calculate the remainder when 140 is divided by 11.
8
Calculate the remainder when 1354 is divided by 445.
19
Calculate the remainder when 447 is divided by 133.
48
What is the remainder when 196 is divided by 66?
64
Calculate the remainder when 2278 is divided by 53.
52
What is the remainder when 1246 is divided by 78?
76
What is the remainder when 4343 is divided by 27?
23
What is the remainder when 6286 is divided by 16?
14
What is the remainder when 193 is divided by 39?
37
What is the remainder when 81 is divided by 30?
21
Calculate the remainder when 64 is divided by 17.
13
What is the remainder when 6035 is divided by 6?
5
Calculate the remainder when 287 is divided by 72.
71
Calculate the remainder when 19 is divided by 5.
4
Calculate the remainder when 1063 is divided by 183.
148
Calculate the remainder when 25 is divided by 13.
12
Calculate the remainder when 146 is divided by 68.
10
Calculate the remainder when 20 is divided by 4.
0
What is the remainder when 1251 is divided by 126?
117
Calculate the remainder when 645 is divided by 8.
5
Calculate the remainder when 479 is divided by 112.
31
What is the remainder when 274 is divided by 97?
80
Calculate the remainder when 142 is divided by 21.
16
Calculate the remainder when 1362 is divided by 229.
217
Calculate the remainder when 2830 is divided by 27.
22
What is the remainder when 135 is divided by 20?
15
What is the remainder when 216 is divided by 54?
0
What is the remainder when 347 is divided by 6?
5
Calculate the remainder when 117 is divided by 30.
27
Calculate the remainder when 39 is divided by 29.
10
What is the remainder when 311 is divided by 55?
36
What is th